sands digit of 1295303148?
3
What is the hundred millions digit of 107127478?
1
What is the hundreds digit of 3400363203?
2
What is the thousands digit of 3229068399?
8
What is the units digit of 1382148391?
1
What is the ten millions digit of 888445144?
8
What is the hundreds digit of 1053242068?
0
What is the thousands digit of 2853138341?
8
What is the millions digit of 269653845?
9
What is the ten millions digit of 478412413?
7
What is the ten thousands digit of 27221204?
2
What is the ten millions digit of 102727164?
0
What is the thousands digit of 2372539464?
9
What is the tens digit of 231410218?
1
What is the thousands digit of 58501228?
1
What is the ten millions digit of 5850808466?
5
What is the hundred thousands digit of 40637855?
6
What is the hundred thousands digit of 4721742603?
7
What is the units digit of 391844007?
7
What is the ten thousands digit of 992814541?
1
What is the hundred thousands digit of 6011950?
0
What is the ten thousands digit of 30644430?
4
What is the ten millions digit of 283726810?
8
What is the millions digit of 3063568486?
3
What is the hundred thousands digit of 232679114?
6
What is the units digit of 574593987?
7
What is the hundreds digit of 118612827?
8
What is the ten thousands digit of 1472005083?
0
What is the hundred thousands digit of 380417916?
4
What is the millions digit of 116986364?
6
What is the ten thousands digit of 432361534?
6
What is the millions digit of 592068133?
2
What is the hundreds digit of 181938549?
5
What is the ten thousands digit of 2525048575?
4
What is the millions digit of 8281250?
8
What is the ten thousands digit of 640365041?
6
What is the hundreds digit of 1481538730?
7
What is the hundred thousands digit of 76648449?
6
What is the millions digit of 5461750?
5
What is the units digit of 411261455?
5
What is the units digit of 24764224?
4
What is the hundreds digit of 199830455?
4
What is the hundred thousands digit of 137176509?
1
What is the hundred thousands digit of 45000197?
0
What is the hundreds digit of 68448318?
3
What is the units digit of 63832462?
2
What is the thousands digit of 244472188?
2
What is the hundreds digit of 14174512?
5
What is the hundred thousands digit of 1446737237?
7
What is the ten thousands digit of 51712178?
1
What is the tens digit of 378668284?
8
What is the hundred millions digit of 150553899?
1
What is the hundreds digit of 1605526185?
1
What is the hundred millions digit of 144227979?
1
What is the thousands digit of 4127950?
7
What is the ten thousands digit of 63645339?
4
What is the thousands digit of 65290156?
0
What is the millions digit of 89596009?
9
What is the units digit of 114022672?
2
What is the hundreds digit of 159396956?
9
What is the thousands digit of 142563380?
3
What is the hundred thousands digit of 37011856?
0
What is the tens digit of 520285776?
7
What is the hundreds digit of 53006479?
4
What is the ten millions digit of 3625548513?
2
What is the ten thousands digit of 143164861?
6
What is the hundreds digit of 325869753?
7
What is the thousands digit of 2179008?
9
What is the millions digit of 364613516?
4
What is the hundred thousands digit of 54746165?
7
What is the tens digit of 505254068?
6
What is the thousands digit of 12423259?
3
What is the ten millions digit of 5781938054?
8
What is the millions digit of 1066027233?
6
What is the hundreds digit of 60568876?
8
What is the hundred thousands digit of 107468745?
4
What is the ten millions digit of 482167976?
8
What is the hundred millions digit of 2640294301?
6
What is the billions digit of 8043996723?
8
What is the millions digit of 8594015?
8
What is the thousands digit of 255569888?
9
What is the hundred thousands digit of 19756191?
7
What is the units digit of 996317966?
6
What is the hundreds digit of 491832287?
2
What is the ten millions digit of 2075443436?
7
What is the tens digit of 1700949083?
8
What is the units digit of 64067022?
2
What is the millions digit of 1002896384?
2
What is the units digit of 75723323?
3
What is the tens digit of 472233444?
4
What is the hundreds digit of 1043967849?
8
What is the tens digit of 148859192?
9
What is the billions digit of 1219030695?
1
What is the tens digit of 10478944?
4
What is the ten millions digit of 2656341122?
5
What is the tens digit of 80536680?
8
What is the tens digit of 4638722000?
0
What is the ten millions digit of 158299081?
5
What is the hundred millions digit of 160378562?
1
What is the millions digit of 348452681?
8
What is the ten millions digit of 866898013?
6
What is the millions digit of 279156393?
9
What is the ten millions digit of 917706387?
1
What is the billions digit of 2883589870?
2
What is the thousands digit of 176098962?
8
What is the millions digit of 355136443?
5
What is the hundred thousands digit of 947673095?
6
What is the ten millions digit of 459321129?
5
What is the ten millions digit of 2152458276?
5
What is the hundred thousands digit of 652895126?
8
What is the billions digit of 2935378218?
2
What is the hundred millions digit of 371877624?
3
What is the millions digit of 184422410?
4
What is the thousands digit of 83373127?
3
What is the thousands digit of 13172387?
2
What is the units digit of 1786613906?
6
What is the hundreds digit of 14421437?
4
What is the ten millions digit of 383030189?
8
What is the units digit of 168885031?
1
What is the hundred thousands digit of 81808510?
8
What is the units digit of 33096878?
8
What is the ten thousands digit of 53453919?
5
What is the units digit of 107150526?
6
What is the thousands digit of 305419999?
9
What is the units digit of 538756048?
8
What is the millions digit of 159922053?
9
What is the millions digit of 2046436362?
6
What is the hundreds digit of 447300145?
1
What is the tens digit of 97368158?
5
What is the ten thousands digit of 7030455?
3
What is the units digit of 445031075?
5
What is the ten thousands digit of 4763655?
6
What is the ten thousands digit of 43015758?
1
What is the millions digit of 95885849?
5
What is the hundreds digit of 114362921?
9
What is the ten thousands digit of 4380654?
8
What is the millions digit of 33510282?
3
What is the hundred millions digit of 1100483075?
1
What is the millions digit of 164321134?
4
What is the tens digit of 1651789055?
5
What is the units digit of 69056359?
9
What is the millions digit of 289668673?
9
What is the ten thousands digit of 26727453?
2
What is the tens digit of 596766806?
0
What is the tens digit of 39375162?
6
What is the hundred thousands digit of 564104531?
1
What is the hundred millions digit of 967842017?
9
What is the tens digit of 3144289920?
2
What is the units digit of 805502437?
7
What is the ten thousands digit of 1541522858?
2
What is the units digit of 134060969?
9
What is the hundred thousands digit of 37315366?
3
What is the tens digit of 37386595?
9
What is the units digit of 27851089?
9
What is the millions digit of 17746892?
7
What is the thousands digit of 40722036?
2
What is the ten thousands digit of 1040120598?
2
What is the millions digit of 23138584?
3
What is the thousands digit of 904353552?
3
What is the ten thousands digit of 72223897?
2
What is the thousands digit of 660615862?
5
What is the tens digit of 71222404?
0
What is the hundred thousands digit of 4169155288?
1
What is the millions digit of 13633634?
3
What is the hundreds digit of 310233119?
1
What is the units digit of 46504775?
5
What is the units digit of 409380837?
7
What is the hundreds digit of 304153366?
3
What is the hundreds digit of 49139491?
4
What is the thousands digit of 699978851?
8
What is the billions digit of 3262261328?
3
What is the ten millions digit of 227252695?
2
What is the ten millions digit of 320934270?
2
What is the hundred thousands digit of 65497344?
4
What is the tens digit of 14551777?
7
What is the billions digit of 3410843466?
3
What is the hundred thousands digit of 5467482149?
4
What is the units digit of 801092788?
8
What is the ten millions digit of 753997131?
5
What is the millions digit of 2131952465?
1
What is the hundred millions digit of 3303990888?
3
What is the ten thousands digit of 1552937320?
3
What is the millions digit of 4822584217?
2
What is the hundred thousands digit of 93503080?